5). Let v be 3/(n + (-130)/66). Calculate the greatest common divisor of 9 and v.
9
Let d be -4*1/(-4) - -13. What is the greatest common divisor of 112 and d?
14
Suppose -x + 41 = -25. Calculate the highest common divisor of x and 165.
33
Suppose 0 = -3*u + u - 78. Let f be 2 + 3 + -2 - u. Suppose 3*c = 2*c + 14. Calculate the greatest common divisor of f and c.
14
Let b = 34 - -16. What is the highest common factor of 10 and b?
10
Let p(o) = o**2 - 4*o + 4. Let a be p(4). Let z = a + 1. Suppose 0*y - 2*y + 8 = 0, -2*i + 5*y = 16. What is the greatest common divisor of i and z?
1
Suppose -x = 2*v + 2*v - 21, 2*x - 4*v - 6 = 0. What is the highest common factor of 9 and x?
9
Let m be (-8)/(-5) - (-9)/(-15). Let z be m - -4 - (-1 + 2). Suppose -l = l - a - 56, 0 = z*l + 5*a - 140. What is the greatest common divisor of 10 and l?
10
Suppose -w - 2*p = -60, 5*w = 3*w + 2*p + 150. Calculate the highest common factor of w and 10.
10
Suppose 31 = -8*i + 399. What is the greatest common divisor of i and 2?
2
Suppose 2*g = k - 32, -3*g = 5*k - 6*g - 181. Let z = k - 18. Let i be ((-12)/14)/(21/(-49)). Calculate the greatest common factor of i and z.
2
Let z = -2 + 3. Let m(l) = l**3 + 0 + z + 7 + 5*l**2 - 7*l. Let x be m(-6). What is the highest common divisor of 112 and x?
14
Let g(h) = -3*h + 12. Let w = -29 + 19. Let o be g(w). What is the highest common factor of 28 and o?
14
Let v(s) = 11*s**2 - 1. Let x be v(-1). Suppose -h - c = -0*h - 34, -2*h - 4*c + 74 = 0. Suppose 2*p - h = 49. Calculate the highest common factor of p and x.
10
Let m(t) = -7*t**3 - 2*t**2 + t + 3. Let w be m(-3). What is the greatest common divisor of 19 and w?
19
Suppose -2*w - w - 2863 = -4*r, 2*w - 3573 = -5*r. Let o be r/20 + 1/4. What is the greatest common divisor of 4 and o?
4
Let i = 12 + -20. Let n(y) = -6*y + 2. Let q be n(i). Suppose -3*p + 40 = -p. What is the greatest common divisor of p and q?
10
Suppose -4*h - 12 = -7*h. Let n be (-30)/3*(-42)/h. Calculate the greatest common factor of n and 21.
21
Suppose -j - 4*m = -3*m - 37, 2*j - 67 = 5*m. Calculate the greatest common divisor of 180 and j.
36
Let j = -2 + 3. Suppose u + 0 = -5*q + 26, -3*q + 12 = 0. Let z = -5 + u. Calculate the greatest common divisor of z and j.
1
Let w = 39 + -21. Calculate the greatest common divisor of 144 and w.
18
Let r be (4 - 5)*(-4)/(-2). Let x be (r + 2 - -11) + -2. What is the greatest common factor of 9 and x?
9
Let g = 30 + -10. Suppose 2*i - g = i. Let b be (6/(-4))/((-6)/i). Calculate the highest common divisor of b and 10.
5
Let g = 4 - 3. Let y = 1 - g. Suppose 0 = j + 4*j + 4*b - 32, -5*j - 5*b + 30 = y. Calculate the greatest common divisor of j and 4.
4
Let w(f) = -f**2 - 9*f - 12. Let u be w(-4). What is the greatest common factor of 1 and u?
1
Let v(r) = r**2 + 3*r - 7. Let n = -13 + 8. Let m be v(n). Let x = 0 - -3. What is the highest common factor of x and m?
3
Let s = -23 - -45. What is the greatest common divisor of 44 and s?
22
Suppose 4 = 5*i - 6. Suppose -2*x + 1 = -1. Let v = 7 - x. What is the greatest common factor of i and v?
2
Let y(l) = l**3 - 12*l**2 + 13*l + 4. Let v be y(11). Calculate the greatest common factor of 13 and v.
13
Suppose 2*q = -r - 7, 0 = 5*r + q + 2*q + 7. What is the greatest common factor of 11 and r?
1
Let d be -4*((-4)/2 + -2). Calculate the greatest common divisor of 80 and d.
16
Let g be (-7)/((-28)/20) + (1 - 1). Calculate the highest common factor of g and 55.
5
Let f be (5/(-15))/((-1)/18). Calculate the greatest common divisor of 18 and f.
6
Let f(k) = -k**3 + 3*k**2 + 2*k + 4. Let s be f(3). Suppose -2*d + 20 = -d + 5*c, 0 = d - 4*c - 20. What is the greatest common factor of d and s?
10
Suppose v = 3*n - 3, -4*v - 9 - 3 = -4*n. Suppose n = 2*s - 156 + 36. What is the highest common factor of s and 24?
12
Let n = -312 - -477. Let v = -16 - -31. Calculate the greatest common factor of v and n.
15
Let u = -10 + 20. Calculate the greatest common factor of u and 25.
5
Let d = -8 + 2. Let n(q) = -6*q + 4. Let u be n(d). What is the greatest common factor of 10 and u?
10
Let n(k) = -k**2 - 5*k + 16. Let d be n(-6). What is the highest common factor of d and 80?
10
Let s be (13 - -7)/(1/8). What is the greatest common divisor of s and 16?
16
Let f = 85 + -75. Calculate the highest common factor of 30 and f.
10
Let f be (40/(-6) - -2)*-3. Let a(j) = -26*j + 1. Let x be a(-1). Suppose -3*z = -3*r - x, -6*z - 2*r = -z - 80. What is the highest common divisor of z and f?
14
Let b be -1 - -12 - (3 + -2). Suppose -4 = -2*n - 0. Suppose -n*y = -0*f + f - 64, -5*y + 166 = 4*f. Calculate the greatest common divisor of y and b.
10
Let g be (-2)/10 - 2106/(-30). Calculate the greatest common factor of 10 and g.
10
Suppose 2*t + 20 = -0*l - 5*l, 3*l + 12 = -4*t. Let y be -3*8/6*l. What is the greatest common factor of 112 and y?
16
Suppose 7 = -3*y + 4*y. Calculate the greatest common divisor of 49 and y.
7
Let r be 6/(-9) - 100/(-6). Let s = 57 + -53. Calculate the greatest common factor of r and s.
4
Let c(g) = g**3 + 10*g**2 - 13*g - 14. Let a be c(-11). Let x be (-4)/(a/(-119))*2. What is the highest common factor of 17 and x?
17
Let q(n) = n**3 - 7*n**2 + 7*n - 3. Let o be q(6). Suppose c - 132 = -o*c. Calculate the greatest common factor of c and 22.
11
Let s be (0 + -1)*(5 - 5). Let y(k) = k**3 - k**2 + k + 10. Let r be y(s). Calculate the highest common divisor of r and 25.
5
Suppose -159 = -5*g - 4*t - 34, -5*t + 33 = 2*g. What is the highest common factor of 232 and g?
29
Let l(u) = 3*u + 18. Let v(h) = h**3 - 4*h**2 - 10. Let b be v(5). Let w be l(b). Calculate the highest common factor of w and 7.
7
Let v(q) = q + 14. Let p be v(-6). What is the highest common divisor of 72 and p?
8
Suppose l + 0*l = -9. Let i = l + 20. Let y(p) = -7*p - 3. Let w be y(-2). What is the highest common divisor of i and w?
11
Let n be 1/(-2)*0 - -6. Suppose -3*u - 2*d + 4*d + 8 = 0, -4 = u - 4*d. Suppose u*p + 16 = 8*p. Calculate the greatest common factor of p and n.
2
Let t = -34 - -109. Let q = t + -51. Calculate the greatest common factor of q and 72.
24
Suppose -r + 3*r = 24. Let g = -10 - -40. Calculate the greatest common divisor of g and r.
6
Let d be (-4 - 0)*(3 - 4). Let p = d - -20. Suppose 0 = 2*k - 2 - 4. What is the highest common factor of p and k?
3
Let v be (-1606)/(-14) - 4/(-14). Let t be -2 - (3/(-3) - 47). Calculate the greatest common divisor of v and t.
23
Suppose -8 = -2*w, 3*x - 8 = 5*w - 4*w. Let u be (1 + -3)/((-2)/x). Calculate the highest common divisor of u and 28.
4
Let j = -22 - -23. What is the greatest common divisor of j and 5?
1
Suppose 0 = -4*r - 4*o + 32, 4*r - 10 = o + 2. Let f = r - -36. Calculate the highest common divisor of 16 and f.
8
Let s be (-2)/3 - (-976)/24. Calculate the highest common factor of 5 and s.
5
Let y be 108/24*(-10)/(-3). Calculate the greatest common divisor of y and 90.
15
Let o(s) = 4*s - 19. Let p be o(6). Calculate the highest common divisor of p and 30.
5
Suppose -10 = -5*n - 0. Suppose 2*r + 8 = n*f, -4*r = -0*r - 4. Suppose f*o - 54 = -19. What is the highest common divisor of o and 7?
7
Suppose -3*f + 9 + 4 = -2*p, -2*f + 11 = p. Suppose 4*v = 3*v - p. Let q = 12 + v. Calculate the greatest common divisor of q and 77.
11
Let b be ((-24)/5 + 6)*55/1. Calculate the greatest common factor of b and 88.
22
Let t = -41 + 66. Calculate the highest common divisor of 125 and t.
25
Let k be ((-40)/(-15))/((-8)/(-84)). What is the highest common factor of k and 70?
14
Let x = 58 + -14. Calculate the highest common divisor of x and 22.
22
Suppose 0 = 2*x + x - 144. Let o be (26 - 7) + 2*(-9)/6. What is the highest common divisor of o and x?
16
Let i = -12 + 14. Suppose i*y - 3*a - 85 = 0, 2*y - a - 5 = 70. What is the greatest common divisor of 14 and y?
7
Let j = -54 + 60. Calculate the greatest common divisor of j and 15.
3
Let o = -77 + 152. Suppose 0 = -4*d - d. Suppose -20 = -5*s, d*s - 2*s - 142 = -5*j. What is the greatest common factor of j and o?
15
Let c be -1*(-23 + 0/(-4)). What is the highest common divisor of 23 and c?
23
Let n(f) = -2*f + 3. Let i be n(6). Let a = -1 - 12. Let c = i - a. What is the highest common divisor of 4 and c?
4
Let z(m) = 10*m**2 - 4*m + 3. Let i 